 - 132?
-133
In base 6, what is -3 + 135?
132
In base 5, what is -244 - 0?
-244
In base 5, what is -113 - -100?
-13
In base 16, what is -dc2 + -4?
-dc6
In base 5, what is 144 + -1?
143
In base 5, what is -11302 + -3?
-11310
In base 10, what is 7 + -21?
-14
In base 8, what is -1 - -5562?
5561
In base 4, what is -23 + -1111?
-1200
In base 4, what is -10 - -33?
23
In base 2, what is -1 + -10010?
-10011
In base 10, what is -2 + 283?
281
In base 13, what is 3 - -51?
54
In base 4, what is -12 + -11?
-23
In base 2, what is -101 - -1011111011?
1011110110
In base 3, what is 122 + -11?
111
In base 6, what is -41 + -22?
-103
In base 5, what is -4 + 120012?
120003
In base 4, what is -2010 + 33?
-1311
In base 4, what is 11 + -210113?
-210102
In base 5, what is 4 + -440?
-431
In base 11, what is 9 + 152?
160
In base 10, what is 12 - 180?
-168
In base 8, what is -2 + 3001?
2777
In base 8, what is -5 - 413?
-420
In base 13, what is -23 + 17?
-9
In base 11, what is 0 + 126?
126
In base 10, what is -42 - 221?
-263
In base 15, what is -a - -43?
38
In base 16, what is 3 + 72?
75
In base 2, what is -1001 - 111001?
-1000010
In base 11, what is 5 - 93?
-89
In base 14, what is -4 - -16c?
168
In base 2, what is -1000100 - -11011?
-101001
In base 2, what is -111110 - 111?
-1000101
In base 3, what is -1111 + 0?
-1111
In base 9, what is -205 + -8?
-214
In base 5, what is -10 - 104442?
-110002
In base 10, what is 4 + 1947?
1951
In base 9, what is -3 - -7104?
7101
In base 14, what is 3 - -28c?
291
In base 15, what is -1 - -c?
b
In base 14, what is -4 - 36?
-3a
In base 12, what is -324b - 3?
-3252
In base 8, what is 2261 - 5?
2254
In base 9, what is 188 - 6?
182
In base 7, what is 36 - 1132?
-1063
In base 2, what is -1110110000 + 0?
-1110110000
In base 16, what is 2 + -c4?
-c2
In base 16, what is -4c8a - 3?
-4c8d
In base 3, what is 2102120 + 2?
2102122
In base 11, what is 74 + -8?
67
In base 15, what is -1a0c - 5?
-1a12
In base 11, what is -8 + -1a2?
-1aa
In base 15, what is -16 - -100?
d9
In base 13, what is 1 - -13?
14
In base 8, what is -4 + -123?
-127
In base 16, what is 2 + 348?
34a
In base 10, what is 54 + 66?
120
In base 14, what is -4 - -9a?
96
In base 14, what is 4 + -7a?
-76
In base 11, what is -7 - -9a?
93
In base 15, what is -2 - 142?
-144
In base 9, what is -1 - 17?
-18
In base 6, what is 1344 + -3?
1341
In base 15, what is 102 + 5?
107
In base 15, what is 5 + 75?
7a
In base 15, what is 14 + -18?
-4
In base 14, what is -70 + -8?
-78
In base 13, what is 254 - 3?
251
In base 2, what is -1100011000101 + -10?
-1100011000111
In base 3, what is -1112 + -2020?
-10202
In base 3, what is -10 - -1011102?
1011022
In base 2, what is -1000 + -10001101010?
-10001110010
In base 4, what is 2 - -3233?
3301
In base 15, what is -3 + 647?
644
In base 9, what is 1343 + 0?
1343
In base 7, what is -2 + 142?
140
In base 11, what is -7a - 2?
-81
In base 4, what is -20 + -120?
-200
In base 7, what is 3 - -41?
44
In base 3, what is -2 - 220122?
-220201
In base 13, what is 1 - -329?
32a
In base 6, what is -1 - 1223?
-1224
In base 14, what is -7 + 146?
13d
In base 16, what is -3 - -1c?
19
In base 6, what is 140 + -1?
135
In base 8, what is 20 + -3?
15
In base 2, what is -10 - -11000?
10110
In base 12, what is 0 - -212?
212
In base 14, what is 40 + 28?
68
In base 7, what is 4 - 1651?
-1644
In base 5, what is 0 - 140?
-140
In base 11, what is -41 + 1?
-40
In base 5, what is 1 - 42130?
-42124
In base 4, what is -3 + -23?
-32
In base 11, what is a0 + -4?
97
In base 4, what is 23322 - 3?
23313
In base 13, what is -14 - 6?
-1a
In base 13, what is a + 95?
a2
In base 7, what is 4 - 3411?
-3404
In base 12, what is -717 - -7?
-710
In base 11, what is 1652 - -1?
1653
In base 11, what is -3 - 1138?
-1140
In base 9, what is 1484 - 4?
1480
In base 10, what is -797 + -4?
-801
In base 9, what is 4 - 420?
-415
In base 15, what is 2c - -b?
38
In base 3, what is -1 - -21101?
21100
In base 4, what is 1222 - 3?
1213
In base 13, what is 441 + 4?
445
In base 9, what is -1474 - -2?
-1472
In base 12, what is 1 - -66?
67
In base 5, what is -132402 + 10?
-132342
In base 4, what is 11 - -12310?
12321
In base 16, what is 0 - 1c?
-1c
In base 7, what is 445 - 3?
442
In base 4, what is 2 - -2002?
2010
In base 7, what is 433 + 2?
435
In base 15, what is -5 - 13d?
-143
In base 9, what is 248 - -2?
251
In base 4, what is -1002 - 1?
-1003
In base 8, what is -1444 - -4?
-1440
In base 16, what is -fb - -2?
-f9
In base 6, what is 2 + -1443?
-1441
In base 16, what is -4 - -88e?
88a
In base 7, what is -5 + -54?
-62
In base 3, what is 11 + 10221?
11002
In base 12, what is -32a - 5?
-333
In base 2, what is 0 + -1100000?
-1100000
In base 10, what is 2 - -154?
156
In base 15, what is 6 - -6?
c
In base 4, what is -13 - -1000?
321
In base 16, what is 5 + 1e?
23
In base 15, what is 146 + -3?
143
In base 10, what is 238 - 2?
236
In base 13, what is -4 - 60?
-64
In base 16, what is -4 + 38?
34
In base 3, what is 1 - -1122022?
1122100
In base 6, what is 3255 - 0?
3255
In base 4, what is 20011022 + -1?
20011021
In base 14, what is -30 - -7?
-27
In base 8, what is 71 - 5?
64
In base 7, what is -6 - 1132?
-1141
In base 13, what is -545 - -6?
-53c
In base 9, what is -20 - 10?
-30
In base 8, what is 112 + 13?
125
In base 11, what is 1605 + -5?
1600
In base 16, what is 6d + -5?
68
In base 5, what is 11 - 111134?
-111123
In base 13, what is -10c + 5?
-107
In base 10, what is 6 - -545?
551
In base 4, what is 11 + -2002?
-1331
In base 3, what is 2 + -2222?
-2220
In base 7, what is -1305 - 44?
-1352
In base 3, what is -10021 + 2?
-10012
In base 8, what is -124 - 11?
-135
In base 13, what is 5 + 29?
31
In base 8, what is 1433 + -4?
1427
In base 9, what is 10 - 485?
-475
In base 7, what is 123431 + 3?
123434
In base 3, what is -10 + 211221?
211211
In base 13, what is -2a6 - 0?
-2a6
In base 7, what is 1123 + 4?
1130
In base 3, what is -1 - 2202?
-2210
In base 10, what is -4908 + -3?
-4911
In base 5, what is 1 + -40041?
-40040
In base 8, what is 202 + 4?
206
In base 7, what is 1 + 633?
634
In base 15, what is 1e8 - -1?
1e9
In base 14, what is -25 + -37?
-5c
In base 2, what is -1101011 - 10100?
-1111111
In base 6, what is 12 - -232?
244
In base 5, what is 301 - 42?
204
In base 5, what is 11 + 1442?
2003
In base 12, what is 7 + -1276?
-126b
In base 15, what is c - 4?
8
In base 4, what is -1010 + -2022?
-3032
In base 14, what is -6 - 2?
-8
In base 14, what is -78 + bb?
43
In base 2, what is 0 + -1011001011?
-1011001011
In base 14, what is 110b - -5?
1112
In base 15, what is -3 - 2e?
-32
In base 8, what is -1444 + 4?
-1440
In base 4, what is -130 - 2?
-132
In base 15, what is 2c - -d?
3a
In base 5, what is 11 + -1321?
-1310
In base 15, what is -b44 - 5?
-b49
In base 10, what is -4 + 31?
27
In base 2, what is 111001 - 1000011?
-1010
In base 14, what is 5c7 + 2?
5c9
In base 2, what is -101 - 111?
-1100
In base 13, what is -17 - 7?
-21
In base 10, what is -1 - 23?
-24
In base 12, what is 4 - 13b7?
-13b3
In base 5, what is -131 + -3142?
-3323
In base 7, what is 33 + -4?
26
In base 13, what is -5 + -63?
-68
In base 9, what is 87 - -1?
88
In base 15, what is 16 - -4b?
62
In base 7, what is 4 - -432?
436
In base 16, what is -5 - -49?
44
In base 8, what is 50 - 6?
42
In base 9, what is -1463 + 5?
-1457
In base 3, what is 202110 - 20?
202020
In base 2, what is -10011100 + 1?
-10011011
In base 13, what is -5 - 50?
-55
In base 15, what is c - -7?
14
In base 10, what is 201 + 5?
206
In base 14, what is 6 - 26?
-20
In base 8, what is 151 - -216?
367
In base 14, what is -2 + -76?
-78
In base 6, what is 12 + 422?
434
In base 11, what is 3 + 2388?
2390
In base 8, what is 4 + 41?
45
In base 13, what is -4 + 377?
373
In base 2, what is -11 + -10100111100?
-10100111111
In base 8, what is -7 + -677?
-706
In base 4, what is -22 + 1222?
1200
In base 3, what is 1 - 1022?
-1021
In base 10, what is 29 + 42?
71
In base 2, what is -101001000 + 1100?
-100111100
In base 8, what is -2 - -2456?
2454
In base 4, what is -10233 - 310?
-11203
In base 13, what is -4 - -2b?
27
In base 13, what is 1 + 113?
114
In base 13, what is 1 + -117?
-116
In base 7, what is -1405 - 2?
-1410
In base 12, what is -47b + 0?
-47b
In base 3, what is -10 + 1012?
1002
In base 2, what is 111110101 - 100?
1111